en 335 is divided by 116.
103
Calculate the remainder when 3079 is divided by 110.
109
Calculate the remainder when 167 is divided by 10.
7
Calculate the remainder when 321 is divided by 127.
67
Calculate the remainder when 166 is divided by 19.
14
Calculate the remainder when 206 is divided by 60.
26
What is the remainder when 1709 is divided by 171?
170
Calculate the remainder when 23217 is divided by 247.
246
Calculate the remainder when 395 is divided by 80.
75
What is the remainder when 1447 is divided by 1431?
16
What is the remainder when 196 is divided by 10?
6
Calculate the remainder when 101 is divided by 27.
20
Calculate the remainder when 2786 is divided by 17.
15
Calculate the remainder when 7066 is divided by 126.
10
Calculate the remainder when 69 is divided by 18.
15
What is the remainder when 33 is divided by 24?
9
Calculate the remainder when 192 is divided by 54.
30
What is the remainder when 689 is divided by 35?
24
What is the remainder when 1571 is divided by 20?
11
What is the remainder when 152 is divided by 7?
5
Calculate the remainder when 94 is divided by 88.
6
What is the remainder when 69 is divided by 39?
30
What is the remainder when 1462 is divided by 6?
4
What is the remainder when 11 is divided by 2?
1
Calculate the remainder when 3741 is divided by 9.
6
Calculate the remainder when 423 is divided by 78.
33
What is the remainder when 367 is divided by 110?
37
Calculate the remainder when 524 is divided by 75.
74
Calculate the remainder when 303 is divided by 49.
9
What is the remainder when 950 is divided by 68?
66
What is the remainder when 40570 is divided by 92?
90
What is the remainder when 137 is divided by 47?
43
What is the remainder when 197 is divided by 37?
12
What is the remainder when 93 is divided by 63?
30
What is the remainder when 516 is divided by 11?
10
Calculate the remainder when 459 is divided by 14.
11
Calculate the remainder when 81 is divided by 44.
37
Calculate the remainder when 227 is divided by 12.
11
What is the remainder when 756 is divided by 5?
1
Calculate the remainder when 78 is divided by 25.
3
Calculate the remainder when 1853 is divided by 16.
13
Calculate the remainder when 770 is divided by 22.
0
Calculate the remainder when 121 is divided by 31.
28
What is the remainder when 203 is divided by 26?
21
Calculate the remainder when 247 is divided by 83.
81
What is the remainder when 338 is divided by 89?
71
Calculate the remainder when 647 is divided by 108.
107
What is the remainder when 65 is divided by 57?
8
What is the remainder when 293 is divided by 140?
13
What is the remainder when 593 is divided by 89?
59
Calculate the remainder when 148 is divided by 78.
70
What is the remainder when 1254 is divided by 74?
70
What is the remainder when 212 is divided by 36?
32
Calculate the remainder when 6599 is divided by 161.
159
Calculate the remainder when 7 is divided by 3.
1
What is the remainder when 31 is divided by 23?
8
Calculate the remainder when 30421 is divided by 82.
81
Calculate the remainder when 683 is divided by 58.
45
Calculate the remainder when 452 is divided by 49.
11
Calculate the remainder when 64 is divided by 27.
10
Calculate the remainder when 4464 is divided by 19.
18
What is the remainder when 73 is divided by 15?
13
What is the remainder when 94 is divided by 50?
44
Calculate the remainder when 116 is divided by 40.
36
Calculate the remainder when 94 is divided by 20.
14
Calculate the remainder when 415 is divided by 388.
27
What is the remainder when 142 is divided by 9?
7
Calculate the remainder when 690 is divided by 228.
6
Calculate the remainder when 132 is divided by 15.
12
Calculate the remainder when 957 is divided by 80.
77
Calculate the remainder when 8581 is divided by 37.
34
What is the remainder when 244 is divided by 19?
16
Calculate the remainder when 2243 is divided by 22.
21
What is the remainder when 6891 is divided by 18?
15
What is the remainder when 445 is divided by 146?
7
Calculate the remainder when 589 is divided by 37.
34
What is the remainder when 5374 is divided by 14?
12
What is the remainder when 176 is divided by 18?
14
What is the remainder when 22 is divided by 6?
4
Calculate the remainder when 6 is divided by 4.
2
What is the remainder when 34 is divided by 13?
8
Calculate the remainder when 55 is divided by 46.
9
Calculate the remainder when 18326 is divided by 58.
56
Calculate the remainder when 668 is divided by 66.
8
Calculate the remainder when 628 is divided by 35.
33
What is the remainder when 2429 is divided by 2422?
7
Calculate the remainder when 404 is divided by 56.
12
Calculate the remainder when 380 is divided by 105.
65
Calculate the remainder when 261 is divided by 52.
1
What is the remainder when 218 is divided by 20?
18
What is the remainder when 75 is divided by 31?
13
What is the remainder when 162 is divided by 84?
78
Calculate the remainder when 5003 is divided by 33.
20
What is the remainder when 250 is divided by 122?
6
Calculate the remainder when 486 is divided by 10.
6
Calculate the remainder when 2398 is divided by 26.
6
What is the remainder when 147 is divided by 77?
70
Calculate the remainder when 151 is divided by 22.
19
What is the remainder when 29630 is divided by 64?
62
What is the remainder when 341 is divided by 15?
11
What is the remainder when 126 is divided by 29?
10
Calculate the remainder when 479 is divided by 69.
65
What is the remainder when 631 is divided by 27?
10
What is the remainder when 971 is divided by 12?
11
What is the remainder when 43 is divided by 16?
11
What is the remainder when 5845 is divided by 39?
34
Calculate the remainder when 615 is divided by 71.
47
Calculate the remainder when 69 is divided by 21.
6
Calculate the remainder when 781 is divided by 98.
95
Calculate the remainder when 173 is divided by 39.
17
Calculate the remainder when 251 is divided by 9.
8
Calculate the remainder when 476 is divided by 456.
20
What is the remainder when 790 is divided by 9?
7
Calculate the remainder when 1589 is divided by 177.
173
What is the remainder when 2745 is divided by 41?
39
What is the remainder when 725 is divided by 8?
5
Calculate the remainder when 2549 is divided by 182.
1
Calculate the remainder when 863 is divided by 28.
23
What is the remainder when 1175 is divided by 8?
7
Calculate the remainder when 376 is divided by 94.
0
What is the remainder when 811 is divided by 233?
112
Calculate the remainder when 1529 is divided by 170.
169
Calculate the remainder when 365 is divided by 15.
5
Calculate the remainder when 3963 is divided by 657.
21
Calculate the remainder when 62 is divided by 44.
18
Calculate the remainder when 135 is divided by 70.
65
Calculate the remainder when 1726 is divided by 36.
34
Calculate the remainder when 312 is divided by 23.
13
Calculate the remainder when 3978 is divided by 181.
177
Calculate the remainder when 169 is divided by 43.
40
Calculate the remainder when 141 is divided by 6.
3
What is the remainder when 428 is divided by 17?
3
What is the remainder when 78 is divided by 8?
6
What is the remainder when 281 is divided by 13?
8
Calculate the remainder when 2209 is divided by 185.
174
What is the remainder when 333 is divided by 194?
139
What is the remainder when 2348 is divided by 47?
45
Calculate the remainder when 8487 is divided by 8.
7
What is the remainder when 6910 is divided by 2303?
1
Calculate the remainder when 1034 is divided by 115.
114
What is the remainder when 157 is divided by 81?
76
Calculate the remainder when 2496 is divided by 4.
0
What is the remainder when 139 is divided by 43?
10
Calculate the remainder when 1492 is divided by 39.
10
Calculate the remainder when 678 is divided by 76.
70
Calculate the remainder when 129 is divided by 33.
30
Calculate the remainder when 176 is divided by 10.
6
What is the remainder when 8731 is divided by 208?
203
What is the remainder when 404 is divided by 113?
65
Calculate the remainder when 240 is divided by 31.
23
Calculate the remainder when 750 is divided by 369.
12
Calculate the remainder when 220 is divided by 107.
6
Calculate the remainder when 253 is divided by 104.
45
What is the remainder when 160 is divided by 131?
29
What is the remainder whe